 25456.
706
Calculate the remainder when 108906 is divided by 36046.
768
What is the remainder when 39037435 is divided by 69?
64
Calculate the remainder when 42451 is divided by 4168.
771
Calculate the remainder when 63058355 is divided by 62.
15
Calculate the remainder when 362710826 is divided by 181355406.
14
What is the remainder when 52397 is divided by 15893?
4718
What is the remainder when 67753254 is divided by 69?
15
Calculate the remainder when 6784253 is divided by 271370.
3
What is the remainder when 43881 is divided by 18?
15
Calculate the remainder when 104967442 is divided by 55.
52
Calculate the remainder when 35557247 is divided by 496.
495
Calculate the remainder when 1282413 is divided by 528.
429
Calculate the remainder when 587458535 is divided by 2212.
2211
Calculate the remainder when 165086 is divided by 2952.
2726
Calculate the remainder when 4538702 is divided by 542.
536
What is the remainder when 96857 is divided by 96823?
34
What is the remainder when 223 is divided by 41?
18
What is the remainder when 119133 is divided by 9918?
117
Calculate the remainder when 901006 is divided by 300144.
574
What is the remainder when 1414628 is divided by 471535?
23
What is the remainder when 17229353 is divided by 2762?
2759
Calculate the remainder when 223858003 is divided by 1054.
1051
Calculate the remainder when 96181454 is divided by 3306.
3302
Calculate the remainder when 453909 is divided by 8736.
8373
Calculate the remainder when 2744224 is divided by 36.
16
What is the remainder when 114140878 is divided by 126?
124
What is the remainder when 138466 is divided by 46126?
88
What is the remainder when 63868874 is divided by 255?
44
Calculate the remainder when 158155 is divided by 79009.
137
What is the remainder when 253912 is divided by 63450?
112
Calculate the remainder when 23056 is divided by 890.
806
Calculate the remainder when 8676301 is divided by 4338034.
233
Calculate the remainder when 6365462 is divided by 443.
438
What is the remainder when 5637413 is divided by 56374?
13
Calculate the remainder when 3391952 is divided by 50.
2
Calculate the remainder when 39691180 is divided by 104.
100
Calculate the remainder when 22728798 is divided by 178.
156
What is the remainder when 259241 is divided by 1651?
34
Calculate the remainder when 3410284 is divided by 572.
20
What is the remainder when 3770717 is divided by 14?
13
Calculate the remainder when 2148118 is divided by 7561.
794
Calculate the remainder when 93665 is divided by 151.
45
Calculate the remainder when 89597 is divided by 9909.
416
Calculate the remainder when 222009 is divided by 14799.
24
Calculate the remainder when 868643 is divided by 2697.
209
What is the remainder when 21616 is divided by 338?
322
Calculate the remainder when 200972 is divided by 4626.
2054
What is the remainder when 2651954 is divided by 1325959?
36
What is the remainder when 1520682 is divided by 314?
294
What is the remainder when 125561 is divided by 62261?
1039
What is the remainder when 1647148 is divided by 14839?
19
What is the remainder when 11414076 is divided by 11414070?
6
What is the remainder when 54862 is divided by 1887?
139
What is the remainder when 3253260 is divided by 1259?
4
What is the remainder when 70562 is divided by 34961?
640
Calculate the remainder when 5953379 is divided by 16.
3
What is the remainder when 57474666 is divided by 12?
6
Calculate the remainder when 1915242 is divided by 50.
42
Calculate the remainder when 6633127 is divided by 132.
127
What is the remainder when 15491235 is divided by 3639?
12
Calculate the remainder when 2936440 is divided by 6829.
6799
Calculate the remainder when 703898 is divided by 119.
13
Calculate the remainder when 1943419 is divided by 1446.
1441
Calculate the remainder when 28300 is divided by 4727.
4665
Calculate the remainder when 1030609 is divided by 3424.
3409
What is the remainder when 5172466 is divided by 20?
6
What is the remainder when 14217367 is divided by 2031051?
10
What is the remainder when 182541399 is divided by 30?
9
Calculate the remainder when 281574 is divided by 70389.
18
What is the remainder when 219537 is divided by 435?
297
Calculate the remainder when 391937174 is divided by 145.
144
What is the remainder when 79746 is divided by 8756?
942
What is the remainder when 1763112 is divided by 2275?
2262
What is the remainder when 6607017 is divided by 11?
10
What is the remainder when 1086170 is divided by 704?
602
What is the remainder when 448837 is divided by 224415?
7
What is the remainder when 324351 is divided by 612?
603
Calculate the remainder when 1557961 is divided by 2773.
2308
Calculate the remainder when 17716212 is divided by 18416.
20
Calculate the remainder when 3123051 is divided by 1561513.
25
What is the remainder when 1491057 is divided by 454?
121
Calculate the remainder when 16780 is divided by 16763.
17
What is the remainder when 46801284 is divided by 89?
11
Calculate the remainder when 808204 is divided by 269248.
460
What is the remainder when 9147523 is divided by 3049140?
103
Calculate the remainder when 98154783 is divided by 721726.
47
Calculate the remainder when 4295749 is divided by 143190.
49
What is the remainder when 792461 is divided by 4149?
2
Calculate the remainder when 143920558 is divided by 103.
100
Calculate the remainder when 5364755 is divided by 2257.
2123
Calculate the remainder when 15414 is divided by 12634.
2780
What is the remainder when 11755 is divided by 2734?
819
What is the remainder when 6968687 is divided by 126703?
22
What is the remainder when 169071 is divided by 11267?
66
Calculate the remainder when 22093659 is divided by 100884.
63
Calculate the remainder when 4804 is divided by 2905.
1899
What is the remainder when 183089 is divided by 629?
50
Calculate the remainder when 16400672 is divided by 900.
872
Calculate the remainder when 118807259 is divided by 1362.
1361
Calculate the remainder when 1355066 is divided by 1769.
12
Calculate the remainder when 198940 is divided by 47.
36
What is the remainder when 2304237 is divided by 208?
13
Calculate the remainder when 3128427 is divided by 3128413.
14
What is the remainder when 7085127 is divided by 160?
7
What is the remainder when 35382 is divided by 35173?
209
Calculate the remainder when 16177878 is divided by 20.
18
Calculate the remainder when 45082900 is divided by 39.
31
Calculate the remainder when 477570 is divided by 4645.
3780
What is the remainder when 12355207 is divided by 274?
273
What is the remainder when 31572686 is divided by 916?
914
Calculate the remainder when 871927 is divided by 2096.
2087
What is the remainder when 23825363 is divided by 449534?
61
Calculate the remainder when 346038 is divided by 871.
251
What is the remainder when 898810 is divided by 1368?
34
Calculate the remainder when 64949144 is divided by 594.
590
What is the remainder when 7846787 is divided by 354?
23
Calculate the remainder when 353288 is divided by 88318.
16
Calculate the remainder when 44875 is divided by 22419.
37
Calculate the remainder when 299850 is divided by 4538.
342
Calculate the remainder when 5166886 is divided by 271.
0
What is the remainder when 2865368 is divided by 46210?
348
What is the remainder when 6591135 is divided by 57314?
25
Calculate the remainder when 800049 is divided by 109.
98
What is the remainder when 58811343 is divided by 11?
8
Calculate the remainder when 5663746 is divided by 1922.
1534
What is the remainder when 215852 is divided by 955?
22
Calculate the remainder when 4898833 is divided by 1489.
23
Calculate the remainder when 14835 is divided by 3504.
819
What is the remainder when 525828 is divided by 525752?
76
Calculate the remainder when 323319 is divided by 2021.
1980
Calculate the remainder when 76520 is divided by 5598.
3746
What is the remainder when 522314 is divided by 174034?
212
What is the remainder when 3798592 is divided by 165?
127
What is the remainder when 12401 is divided by 2144?
1681
What is the remainder when 67563721 is divided by 16391?
19
What is the remainder when 502361 is divided by 15221?
68
What is the remainder when 28908088 is divided by 7227003?
76
What is the remainder when 5652260 is divid